7 = 0. Let l = 27 - h. What is the tens digit of l?
1
Suppose 3*f - 7 + 4 = 0. What is the units digit of 2 - (-1)/(f + 0)?
3
Let q(d) = -1 + 20*d**2 + 2*d**2 - 4*d**2 + d. Let z be q(1). What is the units digit of (3 + -1)/(4/z)?
9
Let v(c) = 3*c**3 - 2*c**2 - 3*c + 2. Let q be v(2). Let n be 50/20 + 2/4. Suppose n*o = -o + q. What is the units digit of o?
3
Let z = 31 - 8. What is the tens digit of z?
2
Suppose -4*h = -3*j + 5 + 52, h + 3 = 0. What is the units digit of j?
5
Suppose 0*f + 2*f - 120 = 0. Suppose 0*o + f = 5*o. What is the units digit of o?
2
Let r be 1/(-3) - (-26)/6. Suppose r*j = 31 - 7. What is the units digit of j?
6
Suppose -2*o - y + 5 = 0, 3*o + 3*y = -2*o + 10. Let w = -5 - -10. Suppose -w = -x - 4*x - o*m, 0 = -3*x - 2*m + 3. What is the units digit of x?
1
Let i = 9 + -7. Suppose i*y - 49 = 21. What is the tens digit of y?
3
Suppose 0 = 3*x - 55 + 22. Let i(d) = d**2 - 8*d - 10. What is the units digit of i(x)?
3
Let z be 3/3 + -2 + 1. Suppose -4*r + 0 + 4 = z. What is the tens digit of r*-2*(-10)/2?
1
Let v(l) = -3*l**2 + 3*l - 1. Let y be v(2). Let a be 2/(-7) + (-30)/y. Suppose 20 = -5*i, a*t - 2*t = -4*i. What is the units digit of t?
8
Let o(p) = -p**2 + 15*p - 7. Suppose -4*z = -3*n + 42, -3*n = 3*z + 2*z - 42. What is the units digit of o(n)?
7
Let h = 80 + -66. What is the tens digit of h?
1
Suppose 2*z = 156 + 44. Suppose 2*y - 36 = 5*s + 7, -4*y = 4*s - z. What is the tens digit of y?
2
Let x(c) = 20*c - 3. What is the units digit of x(3)?
7
Let j = -6 + 8. Suppose 2*s + 26 = j*c, 2*s = -5*c + 4 + 26. What is the units digit of c?
8
What is the units digit of 0 - (-24 + 2 + 0)?
2
Let k = 2 - 2. Suppose 0 = 2*b - k*b - 10. Let v = b - 3. What is the units digit of v?
2
Suppose -2*s = s - 6. Suppose -2*x = -2 - s. What is the units digit of x?
2
Suppose -10*n - 150 = -13*n. What is the tens digit of n?
5
Let m(w) = 5*w**2 - 4*w - 4. What is the tens digit of m(-3)?
5
Suppose -6 = -2*w + 4. Let q(x) = 8*x - 3. Let s be q(w). Let n = s - 22. What is the tens digit of n?
1
What is the units digit of -22 + 24 + (2 - -3)?
7
Suppose 3*r + 29 = s, 4*s - r + 27 - 165 = 0. What is the tens digit of s?
3
Let d(v) = -v**2 - 9*v + 2. Let x be d(-4). Let i = x - 9. What is the tens digit of i?
1
Suppose -5*s + 28 = 8. What is the tens digit of 15/s*(-1 - -9)?
3
Suppose 0 = -5*i + 135. What is the units digit of i?
7
Let m be (3 + -4)/(4/(-12)). Suppose 0 = 5*w + y - 208, 2*y - 122 = -m*w - 0*y. What is the units digit of w?
2
Suppose 4*p + 583 = 5*s, 3*s - 3*p - 262 - 86 = 0. What is the units digit of s?
9
Let x be ((-2 - -1) + -1)*-2. Suppose 0 = v + 2, -3*j + x*v = -6*j + 40. What is the units digit of j?
6
Let s be (147/9)/1*3. Let h = s - 19. What is the units digit of h?
0
Let b = -17 - -36. Let m = b + -6. What is the units digit of m?
3
Suppose -3*y - 2*y = -20. Suppose 2*a = -2*c - 22 + 2, 10 = -2*a. Let d = y - c. What is the units digit of d?
9
Let t(o) = o**3 + 7*o**2 - 5. Suppose -2*p - 3*p - 25 = 0. Let r be t(p). Suppose 5*f - r = -3*z, 2*z + z - 9 = -f. What is the units digit of f?
9
Let i = 138 - 39. Suppose 0*a - i = -3*a. What is the tens digit of a?
3
Let u(x) = 5*x - 63. Let b(a) = 2*a - 21. Let t(l) = 8*b(l) - 3*u(l). Suppose 4*y + 54 = 14. What is the tens digit of t(y)?
1
Suppose 6*s + 486 = 3*s. What is the units digit of 2/7 - s/21?
8
Let n = -3 - -7. Suppose -b = 4, -n*b + 26 = 2*v + v. What is the units digit of v?
4
Suppose -t - 2*t = -84. Suppose 62 = 5*m - t. What is the units digit of m?
8
What is the tens digit of (-9)/(5 - 2) + 40?
3
Let h = -6 - -6. Suppose 5*u - 100 = -h*u. Suppose 4*j - u = 28. What is the tens digit of j?
1
Suppose 0*o = 5*o - 15. What is the units digit of o?
3
Let c be 4/(-6)*12/(-8). Let w = 11 - c. What is the units digit of w?
0
Let t(n) = -3*n - 5. Let j be t(-6). Suppose 5*i = j + 17. What is the units digit of 92/i + (-6)/(-9)?
6
Suppose -518 = -5*q - 3*c, 0 = 3*q + 4*c - 7*c - 306. What is the tens digit of q?
0
Let g = -115 - -316. What is the tens digit of g?
0
Let m = 45 + -28. Suppose 13*w = m*w - 44. What is the tens digit of w?
1
Suppose -6*v = -a - 2*v + 8, -2*a + 10 = -2*v. Suppose -4*n - 55 = -4*f - 183, -a*n - 4*f + 160 = 0. Suppose 0 = -r - 2*r + n. What is the units digit of r?
2
Let i = 17 - 10. Let b = 14 + -13. Let w = i + b. What is the units digit of w?
8
Suppose 2 = -3*t + 5*l + 11, -t + 5*l = -13. What is the units digit of ((-8)/2 - t) + 19?
7
Let c be (-6)/5*(-5)/2. Suppose n - 5*s + 0*s - 10 = 0, 0 = -4*n + c*s + 23. What is the units digit of 1/1*n + -2?
3
Let a(w) = w**2 + 2*w + 17. What is the units digit of a(-7)?
2
Let r be 18/(-5) + 9/15. What is the units digit of (r/(-6))/(3/78)?
3
Let c be 51/(3/(-1))*1. Let h = 30 + c. What is the tens digit of h?
1
Let q = 6 - -2. Let c = q - -10. What is the tens digit of c?
1
Let w(h) = h**3 + 13*h**2 + 14*h + 1. What is the units digit of w(-10)?
1
Let a(m) = 18*m - 6. Let h be a(-5). What is the units digit of h/(-40) - 2/5?
2
Let b = 3 - 3. Let r = b + -1. Let j = r - -2. What is the units digit of j?
1
Suppose 0 = 4*p + w - 505, -3*p + 5*w = -0*p - 396. What is the units digit of p?
7
Let h(q) = -36*q - 1. Let z(y) = -y. Let j(a) = h(a) - z(a). What is the units digit of j(-1)?
4
Let n be 3/12 - 85/4. Let q = -12 - n. What is the units digit of q?
9
What is the units digit of -34*(-7)/(21/6)?
8
Let r(o) = -3*o - 5. Let b be r(-7). Suppose -2*d = -6*d + b. What is the units digit of d?
4
Suppose -3*r - 3*y = 9, 5*r - y = -2*y - 11. Let g = 2 + r. Suppose g = 6*f - f - 25. What is the units digit of f?
5
Let i(k) = k**3 - 3*k**2 + 2*k - 3. Let s be i(3). Suppose 0 = -2*u - s*u + 40. Suppose -u*f = -5*f - 48. What is the units digit of f?
6
Let m(y) = y**2 - 6*y + 3. What is the units digit of m(6)?
3
Let d = 0 + 0. Suppose 5*r = -d + 5. Let f = 2 - r. What is the units digit of f?
1
Suppose -4*y + 97 + 75 = 2*z, -5*y = -2*z - 224. What is the tens digit of y?
4
Let c = 3 + -7. Let i = c + 13. What is the units digit of i?
9
Suppose -3*c = -42 - 48. What is the units digit of c?
0
Let h(t) = -4*t + 2. Let o be h(-2). Let y(r) = r**3 - 11*r**2 + 11*r - 3. What is the units digit of y(o)?
7
Suppose 2*m - 2*x = 38, -2 = -5*x - 27. Let g = m - -6. Suppose 0 = -2*p + 4*p - g. What is the units digit of p?
0
Let j(g) = 16*g + 16. What is the units digit of j(7)?
8
Suppose 0 = -4*p - 69 + 249. Suppose 4*a = -a + p. What is the units digit of a?
9
Suppose -8*y = -6*y - 6. Let j(i) = 3*i - 2 + 3*i**2 + i**3 - 2*i**3 + 0*i. What is the units digit of j(y)?
7
Suppose -2*u = -4 - 4. Suppose 2 = 2*z + 8, 0 = u*h - 2*z - 18. What is the units digit of h?
3
Let i(c) = c**3 - 8*c**2 + 10*c - 6. What is the units digit of i(7)?
5
Let d = 66 - 30. What is the units digit of d?
6
Let t = -31 + 19. What is the units digit of 13 - (t/3 - -2)?
5
Let r(s) = -7*s + 1. What is the tens digit of r(-2)?
1
Suppose -2 = f - 4. Let r = f + 1. Suppose y + 11 = -0*a + r*a, -5*a - 3*y = -23. What is the units digit of a?
4
Let t(s) = -s - 12. Let w be t(0). Let x = 17 + w. What is the units digit of x?
5
Suppose -740 = -5*b - 0*b. What is the units digit of b?
8
Let k be 2/(-3)*(1 + 2). What is the units digit of (15/(-25))/(k/10)?
3
What is the units digit of (17 - 3) + (-2 - -4)?
6
What is the tens digit of ((-12)/8 + -1)*-1*34?
8
Let x(v) = -v - 5. Let b be x(-3). Suppose -c - 3*c = -l - 27, 5*c - l - 33 = 0. Let f = b + c. What is the units digit of f?
4
Suppose 4*r - 3*w - 15 = 0, 10 + 2 = 4*w. Suppose -4*l - r*n + 2*n + 72 = 0, 4*n = -2*l + 34. What is the tens digit of l?
1
Let n = -9 + 26. What is the units digit of n?
7
Suppose -4*n - 52 = -4*p, 4*p + p - 2*n = 59. Suppose 4*d + p = 3*g, 20 - 51 = 2*g + 5*d. What is the units digit of (-1)/g + 20/3?
7
Suppose -2*z = -2*a - 4, 0 = -a - a. What is the units digit of 1/(z + 6/(-4))?
2
Let s(g) = -g**3 - 6*g**2 - 7*g - 1. Let t be s(-5). Let j(h) = h**3 - 10*h**2 + 13*h + 2. What is the tens digit of j(t)?
3
Suppose 0*t = 4*m + 5*t - 83, m + 3*t = 12. What is the tens digit of m?
2
Let z(i) = -i - 6. Let o be z(-8). Suppose -o*d + 72 = d. What is the units digit of d?
4
Let b(j) = -2*j**3 - 4*j**2 - 3*j - 1. Suppose 0 = -3*a + 3*d - 0*d - 6, d - 3 = 0. Let m = 